inder when 91 is divided by 58?
33
Calculate the remainder when 609 is divided by 12.
9
Calculate the remainder when 39 is divided by 5.
4
Calculate the remainder when 75 is divided by 16.
11
What is the remainder when 47 is divided by 14?
5
Calculate the remainder when 41 is divided by 25.
16
What is the remainder when 111 is divided by 39?
33
Calculate the remainder when 161 is divided by 15.
11
Calculate the remainder when 1313 is divided by 1263.
50
What is the remainder when 233 is divided by 26?
25
Calculate the remainder when 1002 is divided by 333.
3
Calculate the remainder when 201 is divided by 136.
65
What is the remainder when 625 is divided by 57?
55
Calculate the remainder when 5334 is divided by 97.
96
What is the remainder when 7 is divided by 5?
2
What is the remainder when 205 is divided by 43?
33
What is the remainder when 3770 is divided by 19?
8
Calculate the remainder when 495 is divided by 9.
0
What is the remainder when 234 is divided by 33?
3
Calculate the remainder when 829 is divided by 168.
157
Calculate the remainder when 205 is divided by 26.
23
What is the remainder when 2071 is divided by 25?
21
Calculate the remainder when 1612 is divided by 123.
13
What is the remainder when 20074 is divided by 17?
14
Calculate the remainder when 164 is divided by 38.
12
What is the remainder when 175 is divided by 10?
5
Calculate the remainder when 421 is divided by 106.
103
What is the remainder when 228 is divided by 44?
8
What is the remainder when 3352 is divided by 5?
2
What is the remainder when 1304 is divided by 78?
56
Calculate the remainder when 3130 is divided by 54.
52
What is the remainder when 73 is divided by 39?
34
Calculate the remainder when 3117 is divided by 1549.
19
Calculate the remainder when 96 is divided by 76.
20
What is the remainder when 14549 is divided by 383?
378
What is the remainder when 221 is divided by 122?
99
Calculate the remainder when 98 is divided by 90.
8
Calculate the remainder when 164 is divided by 19.
12
What is the remainder when 675 is divided by 229?
217
Calculate the remainder when 1711 is divided by 34.
11
Calculate the remainder when 483 is divided by 18.
15
Calculate the remainder when 2568 is divided by 117.
111
Calculate the remainder when 74 is divided by 4.
2
What is the remainder when 315 is divided by 39?
3
What is the remainder when 148 is divided by 35?
8
What is the remainder when 502 is divided by 151?
49
What is the remainder when 187 is divided by 95?
92
Calculate the remainder when 370 is divided by 24.
10
What is the remainder when 867 is divided by 3?
0
Calculate the remainder when 783 is divided by 56.
55
What is the remainder when 1078 is divided by 28?
14
Calculate the remainder when 26 is divided by 9.
8
Calculate the remainder when 156 is divided by 39.
0
What is the remainder when 286 is divided by 138?
10
What is the remainder when 135 is divided by 58?
19
What is the remainder when 3213 is divided by 29?
23
Calculate the remainder when 550 is divided by 79.
76
What is the remainder when 620 is divided by 613?
7
What is the remainder when 78 is divided by 32?
14
What is the remainder when 706 is divided by 232?
10
What is the remainder when 89 is divided by 58?
31
Calculate the remainder when 258 is divided by 26.
24
What is the remainder when 1186 is divided by 197?
4
What is the remainder when 741 is divided by 48?
21
What is the remainder when 1966 is divided by 279?
13
What is the remainder when 27634 is divided by 188?
186
Calculate the remainder when 358 is divided by 45.
43
Calculate the remainder when 6557 is divided by 205.
202
What is the remainder when 154 is divided by 18?
10
What is the remainder when 325 is divided by 15?
10
Calculate the remainder when 566 is divided by 30.
26
What is the remainder when 157 is divided by 41?
34
Calculate the remainder when 231 is divided by 101.
29
Calculate the remainder when 764 is divided by 295.
174
Calculate the remainder when 112 is divided by 10.
2
Calculate the remainder when 181 is divided by 21.
13
What is the remainder when 151 is divided by 22?
19
What is the remainder when 1901 is divided by 17?
14
What is the remainder when 2569 is divided by 31?
27
What is the remainder when 1088 is divided by 11?
10
Calculate the remainder when 1253 is divided by 310.
13
Calculate the remainder when 1588 is divided by 30.
28
What is the remainder when 117 is divided by 72?
45
Calculate the remainder when 475 is divided by 26.
7
Calculate the remainder when 164 is divided by 90.
74
Calculate the remainder when 2322 is divided by 83.
81
Calculate the remainder when 7446 is divided by 39.
36
What is the remainder when 746 is divided by 186?
2
Calculate the remainder when 864 is divided by 17.
14
What is the remainder when 272 is divided by 56?
48
Calculate the remainder when 71 is divided by 37.
34
What is the remainder when 398 is divided by 14?
6
What is the remainder when 264 is divided by 59?
28
What is the remainder when 679 is divided by 20?
19
What is the remainder when 67 is divided by 25?
17
Calculate the remainder when 1151 is divided by 232.
223
Calculate the remainder when 112 is divided by 20.
12
What is the remainder when 2953 is divided by 141?
133
What is the remainder when 199 is divided by 45?
19
What is the remainder when 488 is divided by 152?
32
What is the remainder when 19 is divided by 11?
8
What is the remainder when 132 is divided by 8?
4
Calculate the remainder when 384 is divided by 77.
76
Calculate the remainder when 270 is divided by 91.
88
Calculate the remainder when 198 is divided by 109.
89
Calculate the remainder when 307 is divided by 11.
10
Calculate the remainder when 217 is divided by 118.
99
What is the remainder when 4430 is divided by 16?
14
Calculate the remainder when 312 is divided by 87.
51
What is the remainder when 279 is divided by 33?
15
What is the remainder when 2117 is divided by 12?
5
What is the remainder when 12 is divided by 4?
0
What is the remainder when 43 is divided by 24?
19
Calculate the remainder when 163 is divided by 12.
7
What is the remainder when 54 is divided by 28?
26
Calculate the remainder when 128 is divided by 39.
11
What is the remainder when 306 is divided by 136?
34
What is the remainder when 114 is divided by 5?
4
What is the remainder when 444 is divided by 71?
18
Calculate the remainder when 490 is divided by 43.
17
Calculate the remainder when 1171 is divided by 69.
67
What is the remainder when 7119 is divided by 125?
119
What is the remainder when 611 is divided by 60?
11
Calculate the remainder when 395 is divided by 62.
23
What is the remainder when 340 is divided by 96?
52
What is the remainder when 59 is divided by 34?
25
What is the remainder when 158 is divided by 41?
35
Calculate the remainder when 621 is divided by 204.
9
What is the remainder when 289 is divided by 11?
3
What is the remainder when 1726 is divided by 91?
88
Calculate the remainder when 74 is divided by 64.
10
Calculate the remainder when 205 is divided by 34.
1
Calculate the remainder when 368 is divided by 75.
68
What is the remainder when 1460 is divided by 43?
41
Calculate the remainder when 22 is divided by 3.
1
What is the remainder when 1571 is divided by 3?
2
What is the remainder when 293 is divided by 60?
53
Calculate the remainder when 18490 is divided by 69.
67
Calculate the remainder when 184 is divided by 24.
16
Calculate the remainder when 9417 is divided by 34.
33
What is the remainder when 645 is divided by 332?
313
What is the remainder when 331 is divided by 35?
16
What is the remainder when 460 is divided by 440?
20
What is the remainder when 107 is divided by 22?
19
Calculate the remainder when 70 is divided by 40.
30
Calculate the remainder when 34 is divided by 29.
5
Calculate the remainder when 262 is divided by 11.
9
Calculate the remainder when 293 is divided by 21.
20
What is the remainder when 100 is divided by 66?
34
What is the remainder when 312 is divided by 11?
4
What is the remainder when 2192 is divided by 2?
0
What is the remainder when 554 is divided by 20?
14
What is the remainder when 37 is divided by 8?
5
Calculate the remainder when 754 is divided by 28.
26
What is the remainder when 65 is divided by 11?
10